[INFO] cloning repository https://github.com/wezm/c2rust-dwm
[INFO] running `Command { std: "git" "-c" "credential.helper=" "-c" "credential.helper=/workspace/cargo-home/bin/git-credential-null" "clone" "--bare" "https://github.com/wezm/c2rust-dwm" "/workspace/cache/git-repos/https%3A%2F%2Fgithub.com%2Fwezm%2Fc2rust-dwm", kill_on_drop: false }`
[INFO] [stderr] Cloning into bare repository '/workspace/cache/git-repos/https%3A%2F%2Fgithub.com%2Fwezm%2Fc2rust-dwm'...
[INFO] running `Command { std: "git" "rev-parse" "HEAD", kill_on_drop: false }`
[INFO] [stdout] d96cdc5238c8db83a274a7fe0fdb18e0237377fd
[INFO] checking wezm/c2rust-dwm against master#cfbc6d4cf1acbac5c025acf8ed68929caa551df3 for pr-75494-beta
[INFO] running `Command { std: "git" "clone" "/workspace/cache/git-repos/https%3A%2F%2Fgithub.com%2Fwezm%2Fc2rust-dwm" "/workspace/builds/worker-13/source", kill_on_drop: false }`
[INFO] [stderr] Cloning into '/workspace/builds/worker-13/source'...
[INFO] [stderr] done.
[INFO] validating manifest of git repo https://github.com/wezm/c2rust-dwm on toolchain cfbc6d4cf1acbac5c025acf8ed68929caa551df3
[INFO] running `Command { std: "/workspace/cargo-home/bin/cargo" "+cfbc6d4cf1acbac5c025acf8ed68929caa551df3" "read-manifest" "--manifest-path" "Cargo.toml", kill_on_drop: false }`
[INFO] started tweaking git repo https://github.com/wezm/c2rust-dwm
[INFO] finished tweaking git repo https://github.com/wezm/c2rust-dwm
[INFO] tweaked toml for git repo https://github.com/wezm/c2rust-dwm written to /workspace/builds/worker-13/source/Cargo.toml
[INFO] crate git repo https://github.com/wezm/c2rust-dwm already has a lockfile, it will not be regenerated
[INFO] running `Command { std: "/workspace/cargo-home/bin/cargo" "+cfbc6d4cf1acbac5c025acf8ed68929caa551df3" "fetch" "--locked" "--manifest-path" "Cargo.toml", kill_on_drop: false }`
[INFO] running `Command { std: "docker" "create" "-v" "/var/lib/crater-agent-workspace/builds/worker-13/target:/opt/rustwide/target:rw,Z" "-v" "/var/lib/crater-agent-workspace/builds/worker-13/source:/opt/rustwide/workdir:ro,Z" "-v" "/var/lib/crater-agent-workspace/cargo-home:/opt/rustwide/cargo-home:ro,Z" "-v" "/var/lib/crater-agent-workspace/rustup-home:/opt/rustwide/rustup-home:ro,Z" "-e" "SOURCE_DIR=/opt/rustwide/workdir" "-e" "CARGO_TARGET_DIR=/opt/rustwide/target" "-e" "CARGO_HOME=/opt/rustwide/cargo-home" "-e" "RUSTUP_HOME=/opt/rustwide/rustup-home" "-w" "/opt/rustwide/workdir" "-m" "1610612736" "--user" "0:0" "--network" "none" "rustops/crates-build-env@sha256:a636fd89d022f18117e1dc8fb37a0a009933cdbbe082814857f0e2024962d47c" "/opt/rustwide/cargo-home/bin/cargo" "+cfbc6d4cf1acbac5c025acf8ed68929caa551df3" "metadata" "--no-deps" "--format-version=1", kill_on_drop: false }`
[INFO] [stderr] WARNING: Your kernel does not support swap limit capabilities or the cgroup is not mounted. Memory limited without swap.
[INFO] [stdout] 77d42b0f331b04a5c1d23fb6df0dcd8d762b473d8fd96c579a2f0c1df1b4a588
[INFO] running `Command { std: "docker" "start" "-a" "77d42b0f331b04a5c1d23fb6df0dcd8d762b473d8fd96c579a2f0c1df1b4a588", kill_on_drop: false }`
[INFO] running `Command { std: "docker" "inspect" "77d42b0f331b04a5c1d23fb6df0dcd8d762b473d8fd96c579a2f0c1df1b4a588", kill_on_drop: false }`
[INFO] running `Command { std: "docker" "rm" "-f" "77d42b0f331b04a5c1d23fb6df0dcd8d762b473d8fd96c579a2f0c1df1b4a588", kill_on_drop: false }`
[INFO] [stdout] 77d42b0f331b04a5c1d23fb6df0dcd8d762b473d8fd96c579a2f0c1df1b4a588
[INFO] running `Command { std: "docker" "create" "-v" "/var/lib/crater-agent-workspace/builds/worker-13/target:/opt/rustwide/target:rw,Z" "-v" "/var/lib/crater-agent-workspace/builds/worker-13/source:/opt/rustwide/workdir:ro,Z" "-v" "/var/lib/crater-agent-workspace/cargo-home:/opt/rustwide/cargo-home:ro,Z" "-v" "/var/lib/crater-agent-workspace/rustup-home:/opt/rustwide/rustup-home:ro,Z" "-e" "SOURCE_DIR=/opt/rustwide/workdir" "-e" "CARGO_TARGET_DIR=/opt/rustwide/target" "-e" "CARGO_INCREMENTAL=0" "-e" "RUST_BACKTRACE=full" "-e" "RUSTFLAGS=--cap-lints=forbid" "-e" "CARGO_HOME=/opt/rustwide/cargo-home" "-e" "RUSTUP_HOME=/opt/rustwide/rustup-home" "-w" "/opt/rustwide/workdir" "-m" "1610612736" "--user" "0:0" "--network" "none" "rustops/crates-build-env@sha256:a636fd89d022f18117e1dc8fb37a0a009933cdbbe082814857f0e2024962d47c" "/opt/rustwide/cargo-home/bin/cargo" "+cfbc6d4cf1acbac5c025acf8ed68929caa551df3" "check" "--frozen" "--all" "--all-targets" "--message-format=json", kill_on_drop: false }`
[INFO] [stdout] 43e55b8010c82c80118a9e620203b59a5c63a55bfcb6fe1524cf5f7548bf2d6e
[INFO] [stderr] WARNING: Your kernel does not support swap limit capabilities or the cgroup is not mounted. Memory limited without swap.
[INFO] running `Command { std: "docker" "start" "-a" "43e55b8010c82c80118a9e620203b59a5c63a55bfcb6fe1524cf5f7548bf2d6e", kill_on_drop: false }`
[INFO] [stderr]    Compiling pkg-config v0.3.14
[INFO] [stderr]    Compiling libc v0.2.51
[INFO] [stderr]    Compiling x11 v2.18.1
[INFO] [stderr]    Compiling c2rust v6.2.0 (/opt/rustwide/workdir)
[INFO] [stdout] warning: unused `std::result::Result` that must be used
[INFO] [stdout]   --> build.rs:26:9
[INFO] [stdout]    |
[INFO] [stdout] 26 |         writeln!(write, "cargo:rustc-link-lib={}", lib);
[INFO] [stdout]    |         ^^^^^^^^^^^^^^^^^^^^^^^^^^^^^^^^^^^^^^^^^^^^^^^^
[INFO] [stdout]    |
[INFO] [stdout]    = note: `#[warn(unused_must_use)]` on by default
[INFO] [stdout]    = note: this `Result` may be an `Err` variant, which should be handled
[INFO] [stdout]    = note: this warning originates in a macro (in Nightly builds, run with -Z macro-backtrace for more info)
[INFO] [stdout] 
[INFO] [stdout] 
[INFO] [stdout] warning: 1 warning emitted
[INFO] [stdout] 
[INFO] [stdout] 
[INFO] [stdout] error[E0554]: `#![feature]` may not be used on the beta release channel
[INFO] [stdout]  --> c2rust-main.rs:8:1
[INFO] [stdout]   |
[INFO] [stdout] 8 | #![feature(c_variadic)]
[INFO] [stdout]   | ^^^^^^^^^^^^^^^^^^^^^^^
[INFO] [stdout] 
[INFO] [stdout] 
[INFO] [stdout] error[E0554]: `#![feature]` may not be used on the beta release channel
[INFO] [stdout]  --> c2rust-main.rs:9:1
[INFO] [stdout]   |
[INFO] [stdout] 9 | #![feature(const_raw_ptr_to_usize_cast)]
[INFO] [stdout]   | ^^^^^^^^^^^^^^^^^^^^^^^^^^^^^^^^^^^^^^^^
[INFO] [stdout] 
[INFO] [stdout] 
[INFO] [stdout] error[E0554]: `#![feature]` may not be used on the beta release channel
[INFO] [stdout]   --> c2rust-main.rs:10:1
[INFO] [stdout]    |
[INFO] [stdout] 10 | #![feature(extern_types)]
[INFO] [stdout]    | ^^^^^^^^^^^^^^^^^^^^^^^^^
[INFO] [stdout] 
[INFO] [stdout] 
[INFO] [stdout] warning: unused import: `x11`
[INFO] [stdout]  --> dwm.rs:2:5
[INFO] [stdout]   |
[INFO] [stdout] 2 | use x11;
[INFO] [stdout]   |     ^^^
[INFO] [stdout]   |
[INFO] [stdout]   = note: `#[warn(unused_imports)]` on by default
[INFO] [stdout] 
[INFO] [stdout] 
[INFO] [stdout] warning: unnecessary parentheses around block return value
[INFO] [stdout]     --> dwm.rs:2194:4
[INFO] [stdout]      |
[INFO] [stdout] 2194 | /    (max(0, min((x)+(w),(*m).wx+(*m).ww) - max((x),(*m).wx))
[INFO] [stdout] 2195 | |                                * max(0, min((y)+(h),(*m).wy+(*m).wh) - max((y),(*m).wy)))
[INFO] [stdout]      | |_________________________________________________________________________________________^
[INFO] [stdout]      |
[INFO] [stdout]      = note: `#[warn(unused_parens)]` on by default
[INFO] [stdout] help: remove these parentheses
[INFO] [stdout]      |
[INFO] [stdout] 2194 |    max(0, min((x)+(w),(*m).wx+(*m).ww) - max((x),(*m).wx))
[INFO] [stdout] 2195 |                                * max(0, min((y)+(h),(*m).wy+(*m).wh) - max((y),(*m).wy))
[INFO] [stdout]      |
[INFO] [stdout] 
[INFO] [stdout] 
[INFO] [stdout] warning: unnecessary parentheses around function argument
[INFO] [stdout]     --> dwm.rs:2194:47
[INFO] [stdout]      |
[INFO] [stdout] 2194 |    (max(0, min((x)+(w),(*m).wx+(*m).ww) - max((x),(*m).wx))
[INFO] [stdout]      |                                               ^^^ help: remove these parentheses
[INFO] [stdout] 
[INFO] [stdout] 
[INFO] [stdout] warning: unnecessary parentheses around function argument
[INFO] [stdout]     --> dwm.rs:2195:76
[INFO] [stdout]      |
[INFO] [stdout] 2195 | ...                   * max(0, min((y)+(h),(*m).wy+(*m).wh) - max((y),(*m).wy)))
[INFO] [stdout]      |                                                                   ^^^ help: remove these parentheses
[INFO] [stdout] 
[INFO] [stdout] 
[INFO] [stdout] error[E0554]: `#![feature]` may not be used on the beta release channel
[INFO] [stdout]  --> c2rust-main.rs:8:1
[INFO] [stdout]   |
[INFO] [stdout] 8 | #![feature(c_variadic)]
[INFO] [stdout]   | ^^^^^^^^^^^^^^^^^^^^^^^
[INFO] [stdout] 
[INFO] [stdout] 
[INFO] [stdout] error[E0554]: `#![feature]` may not be used on the beta release channel
[INFO] [stdout]  --> c2rust-main.rs:9:1
[INFO] [stdout]   |
[INFO] [stdout] 9 | #![feature(const_raw_ptr_to_usize_cast)]
[INFO] [stdout]   | ^^^^^^^^^^^^^^^^^^^^^^^^^^^^^^^^^^^^^^^^
[INFO] [stdout] 
[INFO] [stdout] 
[INFO] [stdout] error[E0554]: `#![feature]` may not be used on the beta release channel
[INFO] [stdout]   --> c2rust-main.rs:10:1
[INFO] [stdout]    |
[INFO] [stdout] 10 | #![feature(extern_types)]
[INFO] [stdout]    | ^^^^^^^^^^^^^^^^^^^^^^^^^
[INFO] [stdout] 
[INFO] [stdout] 
[INFO] [stdout] warning: unused import: `x11`
[INFO] [stdout]  --> dwm.rs:2:5
[INFO] [stdout]   |
[INFO] [stdout] 2 | use x11;
[INFO] [stdout]   |     ^^^
[INFO] [stdout]   |
[INFO] [stdout]   = note: `#[warn(unused_imports)]` on by default
[INFO] [stdout] 
[INFO] [stdout] 
[INFO] [stdout] warning: unnecessary parentheses around block return value
[INFO] [stdout]     --> dwm.rs:2194:4
[INFO] [stdout]      |
[INFO] [stdout] 2194 | /    (max(0, min((x)+(w),(*m).wx+(*m).ww) - max((x),(*m).wx))
[INFO] [stdout] 2195 | |                                * max(0, min((y)+(h),(*m).wy+(*m).wh) - max((y),(*m).wy)))
[INFO] [stdout]      | |_________________________________________________________________________________________^
[INFO] [stdout]      |
[INFO] [stdout]      = note: `#[warn(unused_parens)]` on by default
[INFO] [stdout] help: remove these parentheses
[INFO] [stdout]      |
[INFO] [stdout] 2194 |    max(0, min((x)+(w),(*m).wx+(*m).ww) - max((x),(*m).wx))
[INFO] [stdout] 2195 |                                * max(0, min((y)+(h),(*m).wy+(*m).wh) - max((y),(*m).wy))
[INFO] [stdout]      |
[INFO] [stdout] 
[INFO] [stdout] 
[INFO] [stdout] warning: unnecessary parentheses around function argument
[INFO] [stdout]     --> dwm.rs:2194:47
[INFO] [stdout]      |
[INFO] [stdout] 2194 |    (max(0, min((x)+(w),(*m).wx+(*m).ww) - max((x),(*m).wx))
[INFO] [stdout]      |                                               ^^^ help: remove these parentheses
[INFO] [stdout] 
[INFO] [stdout] 
[INFO] [stdout] warning: unnecessary parentheses around function argument
[INFO] [stdout]     --> dwm.rs:2195:76
[INFO] [stdout]      |
[INFO] [stdout] 2195 | ...                   * max(0, min((y)+(h),(*m).wy+(*m).wh) - max((y),(*m).wy)))
[INFO] [stdout]      |                                                                   ^^^ help: remove these parentheses
[INFO] [stdout] 
[INFO] [stdout] 
[INFO] [stdout] error[E0308]: mismatched types
[INFO] [stdout]   --> util.rs:73:27
[INFO] [stdout]    |
[INFO] [stdout] 73 |     vfprintf(stderr, fmt, ap);
[INFO] [stdout]    |                           ^^ expected struct `std::ffi::VaList`, found struct `std::ffi::VaListImpl`
[INFO] [stdout] 
[INFO] [stdout] 
[INFO] [stdout] error: aborting due to 4 previous errors; 4 warnings emitted
[INFO] [stdout] 
[INFO] [stdout] 
[INFO] [stdout] Some errors have detailed explanations: E0308, E0554.
[INFO] [stdout] 
[INFO] [stdout] For more information about an error, try `rustc --explain E0308`.
[INFO] [stdout] 
[INFO] [stderr] error: could not compile `c2rust`.
[INFO] [stderr] 
[INFO] [stderr] To learn more, run the command again with --verbose.
[INFO] [stderr] warning: build failed, waiting for other jobs to finish...
[INFO] [stdout] error[E0308]: mismatched types
[INFO] [stdout]   --> util.rs:73:27
[INFO] [stdout]    |
[INFO] [stdout] 73 |     vfprintf(stderr, fmt, ap);
[INFO] [stdout]    |                           ^^ expected struct `std::ffi::VaList`, found struct `std::ffi::VaListImpl`
[INFO] [stdout] 
[INFO] [stdout] 
[INFO] [stdout] error: aborting due to 4 previous errors; 4 warnings emitted
[INFO] [stdout] 
[INFO] [stdout] 
[INFO] [stdout] Some errors have detailed explanations: E0308, E0554.
[INFO] [stdout] 
[INFO] [stdout] For more information about an error, try `rustc --explain E0308`.
[INFO] [stdout] 
[INFO] [stderr] error: build failed
[INFO] running `Command { std: "docker" "inspect" "43e55b8010c82c80118a9e620203b59a5c63a55bfcb6fe1524cf5f7548bf2d6e", kill_on_drop: false }`
[INFO] running `Command { std: "docker" "rm" "-f" "43e55b8010c82c80118a9e620203b59a5c63a55bfcb6fe1524cf5f7548bf2d6e", kill_on_drop: false }`
[INFO] [stdout] 43e55b8010c82c80118a9e620203b59a5c63a55bfcb6fe1524cf5f7548bf2d6e
